{"id":319,"date":"2022-02-16T18:31:14","date_gmt":"2022-02-16T15:31:14","guid":{"rendered":"http:\/\/emreozturk.com\/?page_id=319"},"modified":"2022-02-16T23:45:51","modified_gmt":"2022-02-16T20:45:51","slug":"internetten-iste-sevdigi-seyleri-takip-eder-konusur-paylasir-filan-tanisan-seversin-bence-hos-geldin","status":"publish","type":"page","link":"https:\/\/emreozturk.com\/index.php\/internetten-iste-sevdigi-seyleri-takip-eder-konusur-paylasir-filan-tanisan-seversin-bence-hos-geldin\/","title":{"rendered":"Emre ?"},"content":{"rendered":"<p><img loading=\"lazy\" decoding=\"async\" class=\" wp-image-412 alignleft\" src=\"https:\/\/emreozturk.com\/wp-content\/themes\/breek\/assets\/images\/transparent.gif\" data-lazy=\"true\" data-src=\"https:\/\/emreozturk.com\/wp-content\/uploads\/2022\/02\/emres.fw_.png\" alt=\"\" width=\"60\" height=\"175\" data-srcset=\"https:\/\/emreozturk.com\/wp-content\/uploads\/2022\/02\/emres.fw_.png 61w, https:\/\/emreozturk.com\/wp-content\/uploads\/2022\/02\/emres.fw_-34x100.png 34w\" data-sizes=\"(max-width: 60px) 100vw, 60px\" \/>\u0130nternetten i\u015fte, sevdi\u011fi \u015feyleri takip eder,<\/p>\n<p>konu\u015fur payla\u015f\u0131r filan..<\/p>\n<p>ho\u015fgeldin \ud83d\ude42<\/p>\n","protected":false},"excerpt":{"rendered":"<p>\u0130nternetten i\u015fte, sevdi\u011fi \u015feyleri takip eder, konu\u015fur payla\u015f\u0131r filan.. ho\u015fgeldin \ud83d\ude42<\/p>\n","protected":false},"author":1,"featured_media":0,"parent":0,"menu_order":0,"comment_status":"closed","ping_status":"closed","template":"","meta":{"footnotes":""},"class_list":["post-319","page","type-page","status-publish","hentry"],"acf":[],"_links":{"self":[{"href":"https:\/\/emreozturk.com\/index.php\/wp-json\/wp\/v2\/pages\/319"}],"collection":[{"href":"https:\/\/emreozturk.com\/index.php\/wp-json\/wp\/v2\/pages"}],"about":[{"href":"https:\/\/emreozturk.com\/index.php\/wp-json\/wp\/v2\/types\/page"}],"author":[{"embeddable":true,"href":"https:\/\/emreozturk.com\/index.php\/wp-json\/wp\/v2\/users\/1"}],"replies":[{"embeddable":true,"href":"https:\/\/emreozturk.com\/index.php\/wp-json\/wp\/v2\/comments?post=319"}],"version-history":[{"count":11,"href":"https:\/\/emreozturk.com\/index.php\/wp-json\/wp\/v2\/pages\/319\/revisions"}],"predecessor-version":[{"id":422,"href":"https:\/\/emreozturk.com\/index.php\/wp-json\/wp\/v2\/pages\/319\/revisions\/422"}],"wp:attachment":[{"href":"https:\/\/emreozturk.com\/index.php\/wp-json\/wp\/v2\/media?parent=319"}],"curies":[{"name":"wp","href":"https:\/\/api.w.org\/{rel}","templated":true}]}}